base 2) to base 15.
1808
What is 60e (base 15) in base 11?
1030
-2103223 (base 4) to base 10
-9451
What is -315 (base 7) in base 2?
-10011111
Convert -103102 (base 6) to base 9.
-12542
34311 (base 6) to base 3
20200021
-1804 (base 11) to base 9
-3138
Convert 11132 (base 4) to base 13.
20c
3e8 (base 15) to base 7
2414
100110101 (base 2) to base 6
1233
-4627 (base 12) to base 14
-2bb9
-11762 (base 16) to base 8
-213542
Convert 268 (base 9) to base 2.
11100000
-121021111 (base 3) to base 13
-552a
What is -37cc (base 16) in base 13?
-666a
Convert 1143541 (base 6) to base 11.
41482
Convert -2323213 (base 4) to base 10.
-12007
Convert 107173 (base 8) to base 12.
19137
-246 (base 13) to base 9
-480
Convert -ec6 (base 16) to base 6.
-25302
What is 23145 (base 9) in base 6?
155235
-211020102 (base 3) to base 6
-203015
Convert f6f (base 16) to base 2.
111101101111
What is 32211 (base 6) in base 2?
1000100101111
Convert b21 (base 15) to base 5.
40011
Convert 302312 (base 4) to base 3.
11110112
-24332 (base 6) to base 4
-320000
Convert -65 (base 13) to base 15.
-58
What is 121002 (base 3) in base 13?
275
What is -1001000001011 (base 2) in base 11?
-351a
What is 839b (base 13) in base 12?
a657
Convert 34623 (base 7) to base 14.
334a
Convert 114432 (base 5) to base 2.
1000100001111
-139a (base 12) to base 5
-33103
-203 (base 12) to base 3
-101210
Convert 3998 (base 12) to base 7.
25142
What is -322 (base 16) in base 9?
-1081
Convert 10022030 (base 4) to base 3.
212100222
-310400 (base 5) to base 2
-10011101110100
What is 1110 (base 9) in base 3?
1010100
What is 8701 (base 10) in base 4?
2013331
Convert 55 (base 10) to base 4.
313
What is -2050 (base 10) in base 16?
-802
Convert -9ed5 (base 15) to base 3.
-1201021002
Convert -1100011101001 (base 2) to base 6.
-45305
What is -47 (base 13) in base 14?
-43
What is 29a9 (base 12) in base 9?
6623
What is 45c8 (base 13) in base 4?
2121011
Convert 5003 (base 6) to base 10.
1083
Convert -10000001110111001 (base 2) to base 3.
-10101012120
What is 3331 (base 6) in base 16?
307
What is -10101111110 (base 2) in base 11?
-1069
-2403 (base 14) to base 6
-45015
What is -3011 (base 11) in base 13?
-1a91
-107 (base 10) to base 11
-98
-47278 (base 9) to base 13
-114b3
What is 10111 (base 11) in base 10?
14774
What is 1011110001101011 (base 2) in base 5?
3020420
37208 (base 9) to base 4
12011330
What is 5247 (base 13) in base 7?
45120
-20152 (base 7) to base 6
-34344
Convert -31034 (base 6) to base 11.
-3111
What is 22461 (base 7) in base 4?
1121133
Convert 124042 (base 6) to base 5.
330013
10502 (base 10) to base 13
4a1b
-738d (base 15) to base 9
-36457
What is 213 (base 12) in base 6?
1223
What is -da4d (base 14) in base 3?
-1220201100
Convert 833 (base 12) to base 14.
611
Convert -116653 (base 8) to base 15.
-be5d
Convert -6475 (base 8) to base 9.
-4575
What is -426 (base 9) in base 16?
-15c
2541 (base 7) to base 16
3c0
What is 4002 (base 6) in base 16?
362
What is -332 (base 5) in base 10?
-92
Convert 134444 (base 6) to base 10.
12700
Convert 201 (base 13) to base 14.
1a3
Convert -1687 (base 10) to base 6.
-11451
Convert 13122103 (base 4) to base 8.
73223
Convert -2131220 (base 4) to base 14.
-3968
What is -1010102 (base 3) in base 2?
-1100110101
What is -1a311 (base 11) in base 7?
-145404
What is 28b6 (base 16) in base 6?
120130
Convert 101404 (base 5) to base 9.
4536
What is 2303201 (base 4) in base 3?
120202112
What is 876 (base 10) in base 15?
3d6
What is -399 (base 12) in base 7?
-1413
Convert -102340 (base 5) to base 11.
-2675
Convert 11100010 (base 2) to base 14.
122
What is -175 (base 9) in base 7?
-302
Convert -6866 (base 9) to base 8.
-11732
Convert 1d4 (base 15) to base 6.
1544
What is 114 (base 12) in base 16?
a0
-4052 (base 10) to base 9
-5502
What is 374 (base 8) in base 10?
252
What is 13378 (base 9) in base 13?
4181
What is 4d1 (base 14) in base 11?
7aa
31b0 (base 14) to base 7
34010
What is 3133 (base 6) in base 8?
1301
Convert -96 (base 13) to base 2.
-1111011
6cbb (base 16) to base 15
83aa
What is 7448 (base 13) in base 16?
3ef3
417 (base 16) to base 10
1047
What is -412 (base 5) in base 15?
-72
What is 2222120120 (base 3) in base 4?
32111310
Convert -205534 (base 8) to base 5.
-4142234
1000111011110100 (base 2) to base 11
2554a
Convert 13700 (base 13) to base 11.
25332
Convert -881 (base 9) to base 15.
-331
31591 (base 11) to base 14
12a6b
-2451 (base 7) to base 15
-413
1584c (base 13) to base 11
28859
Convert 8625 (base 9) to base 6.
45205
Convert 3332011 (base 4) to base 11.
11243
-1657 (base 11) to base 10
-2119
-4b8 (base 16) to base 5
-14313
-b85 (base 12) to base 11
-12a2
Convert 1474 (base 9) to base 4.
101200
What is -1114 (base 13) in base 10?
-2383
What is -4551 (base 10) in base 2?
-1000111000111
What is -91 (base 12) in base 16?
-6d
33344 (base 7) to base 10
8411
What is -63c6 (base 15) in base 7?
-115356
Convert -10100110111 (base 2) to base 7.
-3615
-111242 (base 5) to base 11
-2a69
-2b1 (base 15) to base 3
-211211
Convert 30420 (base 5) to base 4.
133001
Convert -6276 (base 9) to base 16.
-11fd
Convert -2123 (base 7) to base 4.
-23300
2142 (base 5) to base 16
129
Convert 7d8 (base 14) to base 2.
11000011010
Convert -207d (base 14) to base 12.
-32a7
Convert 13526 (base 7) to base 14.
14bd
What is -c21 (base 15) in base 4?
-222223
What is 28a2 (base 14) in base 13?
3379
7470 (base 13) to base 12
9416
What is 1422 (base 8) in base 4?
30102
What is -bb64 (base 12) in base 7?
-114154
What is -56237 (base 9) in base 14?
-d899
What is -7a42 (base 11) in base 2?
-10100101001101
Convert 15644 (base 7) to base 11.
3379
Convert 22101 (base 3) to base 15.
101
11021012 (base 3) to base 14
11c2
Convert 1616 (base 9) to base 16.
4ce
Convert 603 (base 8) to base 13.
23a
Convert 17763 (base 10) to base 14.
668b
-2000002212 (base 3) to base 6
-502335
-b000 (base 14) to base 8
-72750
What is -1101100 (base 2) in base 4?
-1230
1027 (base 13) to base 12
135a
c50d (base 14) to base 13
12594
-1443112 (base 5) to base 15
-92dc
Convert -221101010 (base 3) to base 16.
-4842
601 (base 10) to base 2
1001011001
What is -18 (base 9) in base 6?
-25
What is -41236 (base 7) in base 16?
-2758
62b (base 16) to base 8
3053
-323312 (base 4) to base 7
-14111
-3013 (base 6) to base 12
-469
What is 105244 (base 6) in base 13?
40cc
What is -101200 (base 7) in base 6?
-211504
Convert 344 (base 12) to base 16.
1e4
-93c (base 16) to base 11
-185a
What is -100114 (base 5) in base 16?
-c57
What is -11311 (base 4) in base 15?
-19d
Convert -e7 (base 16) to base 7.
-450
What is -18c1 (base 13) in base 2?
-111001111010
What is -1115 (base 6) in base 2?
-100000111
Convert -24050 (base 9) to base 5.
-1003313
12d7 (base 14) to base 9
4504
c2c (base 14) to base 13
1120
Convert 142102 (base 5) to base 7.
23131
What is -15550 (base 6) in base 7?
-10353
Convert 2100022122 (base 3) to base 9.
70278
Convert 613 (base 11) to base 3.
1000102
-1385 (base 9) to base 8
-2031
Convert 6427 (base 9) to base 11.
3604
Convert 10020000 (base 3) to base 10.
2349
-1333020 (base 4) to base 5
-230021
Convert -2b1 (base 15) to base 11.
-510
Convert -2112 (base 6) to base 3.
-122122
What is -5406 (base 8) in base 16?
-b06
-6701 (base 8) to base 3
-11211102
What is 24455 (base 7) in base 5?
201120
What is 12b5 (base 16) in base 11?
3664
2243 (base 7) to base 4
30233
What is -2431 (base 7) in base 2?
-1110001000
Convert -445652 (base 7) to base 11.
-54298
What is 256 (base 9) in base 16?
d5
1310035 (base 6) to base 2
10001011010000111
Convert -3042001 (base 5) to base 7.
-264453
What is 422423 (base 7) in base 16?
11ce1
What is -100010011001 (base 2) in base 9?
-3015
What is -22152 (base 6) in base 8?
-6024
Convert 3117 (base 9) to base 3.
10010121
-1067 (base 10) to base 6
-4535
What is -2000 (base 6) in base 4?
-12300
-1019 (base 11) to base 7
-3640
-494 (base 13) to base 16
-31d
Convert -14132 (base 7) to base 14.
-1589
56c (base 16) to base 6
10232
What is 160621 (base 7) in base 9?
47214
-2657 (base 10) to base 9
-3572
Convert 1085c (base 14) to base 8.
116202
Convert -320130 (base 5) to base 10.
-10665
What is 110d (base 14) in base 5?
43303
What is -9042 (base 11) in base 12?
-6b61
Convert 668 (base 15) to base 11.
10a7
1021 (base 7) to base 5
2413
Conv